igit of 97991?
7
What is the hundreds digit of 14971?
9
What is the units digit of 11590?
0
What is the units digit of 2382?
2
What is the hundreds digit of 41496?
4
What is the ten thousands digit of 34555?
3
What is the units digit of 858?
8
What is the hundreds digit of 358?
3
What is the tens digit of 28067?
6
What is the tens digit of 17582?
8
What is the units digit of 8938?
8
What is the tens digit of 964?
6
What is the hundreds digit of 16761?
7
What is the units digit of 6967?
7
What is the thousands digit of 187575?
7
What is the hundreds digit of 51591?
5
What is the hundreds digit of 53884?
8
What is the thousands digit of 1709?
1
What is the hundred thousands digit of 101292?
1
What is the tens digit of 602?
0
What is the ten thousands digit of 122963?
2
What is the units digit of 1376?
6
What is the hundreds digit of 1187?
1
What is the hundreds digit of 1902?
9
What is the units digit of 741?
1
What is the units digit of 7887?
7
What is the tens digit of 30341?
4
What is the thousands digit of 4107?
4
What is the thousands digit of 2280?
2
What is the units digit of 2598?
8
What is the thousands digit of 1799?
1
What is the hundreds digit of 196?
1
What is the tens digit of 21726?
2
What is the ten thousands digit of 69820?
6
What is the hundreds digit of 6439?
4
What is the tens digit of 39726?
2
What is the ten thousands digit of 63950?
6
What is the units digit of 86669?
9
What is the thousands digit of 5777?
5
What is the units digit of 69326?
6
What is the tens digit of 3421?
2
What is the thousands digit of 124966?
4
What is the tens digit of 487?
8
What is the hundreds digit of 1357?
3
What is the tens digit of 6115?
1
What is the units digit of 47468?
8
What is the thousands digit of 8904?
8
What is the tens digit of 40447?
4
What is the thousands digit of 16249?
6
What is the ten thousands digit of 38201?
3
What is the hundreds digit of 700?
7
What is the units digit of 286?
6
What is the hundreds digit of 51858?
8
What is the ten thousands digit of 42473?
4
What is the ten thousands digit of 77118?
7
What is the hundreds digit of 126061?
0
What is the ten thousands digit of 32407?
3
What is the ten thousands digit of 58495?
5
What is the tens digit of 69184?
8
What is the hundreds digit of 2006?
0
What is the thousands digit of 2071?
2
What is the tens digit of 22245?
4
What is the units digit of 3805?
5
What is the ten thousands digit of 56045?
5
What is the units digit of 119760?
0
What is the tens digit of 483?
8
What is the units digit of 58758?
8
What is the units digit of 875?
5
What is the tens digit of 640?
4
What is the units digit of 904?
4
What is the units digit of 2613?
3
What is the hundreds digit of 9342?
3
What is the units digit of 552?
2
What is the units digit of 3393?
3
What is the hundreds digit of 5238?
2
What is the units digit of 3817?
7
What is the tens digit of 1486?
8
What is the tens digit of 39?
3
What is the ten thousands digit of 52088?
5
What is the hundreds digit of 2604?
6
What is the hundreds digit of 3359?
3
What is the thousands digit of 35714?
5
What is the hundreds digit of 2984?
9
What is the ten thousands digit of 41700?
4
What is the hundreds digit of 171?
1
What is the units digit of 59?
9
What is the tens digit of 6974?
7
What is the units digit of 30366?
6
What is the hundreds digit of 1742?
7
What is the ten thousands digit of 72713?
7
What is the tens digit of 88831?
3
What is the hundreds digit of 2425?
4
What is the hundreds digit of 147666?
6
What is the tens digit of 10832?
3
What is the thousands digit of 4189?
4
What is the tens digit of 1360?
6
What is the hundreds digit of 539?
5
What is the units digit of 333?
3
What is the hundreds digit of 8278?
2
What is the units digit of 25623?
3
What is the thousands digit of 1831?
1
What is the hundreds digit of 30733?
7
What is the tens digit of 1058?
5
What is the hundreds digit of 7966?
9
What is the thousands digit of 4341?
4
What is the units digit of 971?
1
What is the thousands digit of 10428?
0
What is the tens digit of 1693?
9
What is the hundreds digit of 159?
1
What is the thousands digit of 24706?
4
What is the tens digit of 13456?
5
What is the tens digit of 6937?
3
What is the units digit of 15943?
3
What is the tens digit of 204?
0
What is the tens digit of 3436?
3
What is the tens digit of 28989?
8
What is the ten thousands digit of 13548?
1
What is the tens digit of 4144?
4
What is the ten thousands digit of 49117?
4
What is the tens digit of 1449?
4
What is the units digit of 2371?
1
What is the units digit of 44410?
0
What is the units digit of 968?
8
What is the thousands digit of 4857?
4
What is the units digit of 2788?
8
What is the hundreds digit of 371?
3
What is the tens digit of 1466?
6
What is the units digit of 301?
1
What is the units digit of 2668?
8
What is the hundreds digit of 20677?
6
What is the units digit of 17415?
5
What is the tens digit of 233?
3
What is the units digit of 1524?
4
What is the tens digit of 2382?
8
What is the thousands digit of 77601?
7
What is the ten thousands digit of 16552?
1
What is the ten thousands digit of 27994?
2
What is the tens digit of 999?
9
What is the tens digit of 19379?
7
What is the units digit of 8089?
9
What is the units digit of 9409?
9
What is the units digit of 910?
0
What is the units digit of 18892?
2
What is the units digit of 64661?
1
What is the thousands digit of 31616?
1
What is the thousands digit of 1121?
1
What is the thousands digit of 138759?
8
What is the tens digit of 1245?
4
What is the hundreds digit of 497?
4
What is the thousands digit of 36708?
6
What is the tens digit of 20402?
0
What is the tens digit of 216?
1
What is the hundred thousands digit of 107049?
1
What is the thousands digit of 33482?
3
What is the units digit of 386?
6
What is the units digit of 43296?
6
What is the thousands digit of 1932?
1
What is the tens digit of 20130?
3
What is the hundreds digit of 919?
9
What is the tens digit of 79826?
2
What is the tens digit of 7172?
7
What is the units digit of 40370?
0
What is the units digit of 1047?
7
What is the thousands digit of 15591?
5
What is the hundreds digit of 1513?
5
What is the hundreds digit of 1428?
4
What is the ten thousands digit of 53081?
5
What is the units digit of 10596?
6
What is the units digit of 9558?
8
What is the units digit of 21400?
0
What is the hundreds digit of 2073?
0
What is the hundreds digit of 24285?
2
What is the hundreds digit of 317?
3
What is the hundreds digit of 102911?
9
What is the thousands digit of 6809?
6
What is the units digit of 273?
3
What is the tens digit of 4449?
4
What is the thousands digit of 3553?
3
What is the tens digit of 13256?
5
What is the hundreds digit of 52203?
2
What is the thousands digit of 47268?
7
What is the tens digit of 57358?
5
What is the hundreds digit of 1228?
2
What is the hundreds digit of 5404?
4
What is the hundreds digit of 45172?
1
What is the hundreds digit of 45263?
2
What is the ten thousands digit of 50117?
5
What is the hundreds digit of 5435?
4
What is the thousands digit of 5685?
5
What is the hundreds digit of 45890?
8
What is the units digit of 468?
8
What is the hundreds digit of 5180?
1
What is the hundreds digit of 1723?
7
What is the tens digit of 287?
8
What is the units digit of 7896?
6
What is the units digit of 762?
2
What is the thousands digit of 2216?
2
What is the hundreds digit of 2215?
2
What is the tens digit of 6123?
2
What is the hundred thousands digit of 122962?
1
What is the tens digit of 92150?
5
What is the hundreds digit of 1330?
3
What is the thousands digit of 6064?
6
What is the thousands digit of 14709?
4
What is the units digit of 24220?
0
What is the hundreds digit of 6971?
9
What is the thousands digit of 3551?
3
What is the hundreds digit of 3786?
7
What is the tens digit of 3634?
3
What is the tens digit of 596?
9
What is the thousands digit of 21344?
1
What is the tens digit of 2209?
0
What is the tens digit of 8314?
1
What is the hundreds digit of 11869?
8
What is the tens digit of 124787?
8
What is the thousands digit of 4488?
4
What is the units digit of 14329?
9
What is the hundreds digit of 1567?
5
What is the units digit of 36384?
4
What is the hundreds digit of 101687?
6
Wha